14)/(-21) + 795/9?
8
Let x = 9 - 3. Suppose 0 = -3*b - w + 9, -4*b = -x*b + 4*w - 8. What is the units digit of b?
2
Let u = -1 - -3. Suppose 32 = -2*b - u*b - 3*r, 0 = -r. Let s(p) = -3*p - 10. What is the units digit of s(b)?
4
Let r be (-20)/2*(-2)/4. Let l(m) = m - 1. Let w be l(r). Suppose -4 - 4 = -w*h. What is the units digit of h?
2
Suppose -5*p = -2*p - 198. What is the tens digit of p?
6
Suppose l - 44 = -3*p, 2*p + l = -3*p + 76. What is the units digit of p?
6
Let f = 1 + -1. Suppose 4*h + f*h - 144 = 0. What is the units digit of (1/(-2))/((-3)/h)?
6
Let p(u) = u. Let m be p(5). Suppose -n - 25 = -2*o, o + 4*n + 56 = m*o. What is the units digit of o?
1
Let q = -13 + 7. Let y(b) = -3*b - 2. What is the units digit of y(q)?
6
Let r = 88 - 55. What is the tens digit of r?
3
Let h = -24 - -15. Let m = 31 + h. What is the units digit of m?
2
Let s be (4 - 0) + 3 + -3. Suppose s*q + q + p = 29, 8 = 4*q - 3*p. Suppose -w = -1 - q. What is the units digit of w?
6
Let g(d) = -4*d + d + 5*d - 3*d - 2. Let k be g(-2). Let t = 10 + k. What is the tens digit of t?
1
Let h = 103 + -80. What is the units digit of h?
3
Let m be ((-6)/4)/((-3)/4). Suppose m*b = a, a - b = -0*a + 1. What is the units digit of a?
2
What is the units digit of (-7)/(-7) + (-123)/6*-2?
2
Let p = 2 + 21. What is the tens digit of p?
2
Let y = -14 - -16. What is the units digit of y?
2
Suppose 0 = -5*n - 32 + 7. Let p = n + 6. What is the units digit of p + -2 - -2*5?
9
Let j(b) = -b**3 + 5*b**2 - 5*b + 5. Let w be j(4). Let c(o) = -w + 3 - 10*o + 1 + 1 - o**2. What is the units digit of c(-9)?
3
Let a(c) = -2*c - 1 + 2*c**3 + c**2 - c + 4*c. Let s be a(1). What is the units digit of 0 - (0 - (6 - s))?
3
Let g = 58 + -27. Suppose 0 = 4*j - 3*h + g, -h = -j + 3*h - 24. Let p = 5 + j. What is the units digit of p?
1
Let s = 12 + -12. Suppose -o + 2*o = 10. Suppose 4*g = 2*t + 26, t - o + 5 = s. What is the units digit of g?
9
Let k(a) = -a + 1. Let y be k(-1). Let g be (-4)/4*(-2)/2. Suppose g = 4*x + 3*c - 0, 4*c = y*x - 6. What is the units digit of x?
1
What is the hundreds digit of 138/1 + (-10)/(-10)?
1
Suppose 0 = -c - 0 - 2. Let d(u) = -u**3 + 3*u + 1. What is the units digit of d(c)?
3
Suppose -4*k - 7 = -5*k. What is the units digit of ((-36)/21)/((-1)/k)?
2
Let h(o) = -o**2 - 3*o - 2. Let k be h(-3). Let y = k - -6. Suppose -3*r + v = -v - 30, 3*r = y*v + 36. What is the units digit of r?
8
Let v be -3*((-15)/(-9))/(-1). Suppose v*y - k = 39 + 72, 0 = 3*y + 2*k - 77. What is the tens digit of y?
2
Let n = -6 - -8. Let g(m) = -n*m + 3*m - 3 - 2*m. What is the units digit of g(-6)?
3
Let j(u) be the second derivative of -u**4/12 - 4*u**3/3 + u**2/2 + u. What is the units digit of j(-8)?
1
Let k = 34 + -24. Suppose 7*s - 2*s = -k. What is the units digit of (1/s + 3)*2?
5
Let z = 5 + 6. What is the tens digit of z?
1
Let v be (-19)/(-4) + 2/8. Suppose 38 = -v*q + s, -3*q - 30 = 3*s - 0*s. Let a = 26 + q. What is the units digit of a?
8
Let q = 87 - 49. What is the units digit of q?
8
Let u be (-10)/20 - (-9)/(-2). Let i = 13 + u. What is the units digit of i?
8
Let f be (-520)/(-12) - 6/(-9). Let o = -28 + f. What is the units digit of o?
6
Suppose -48 = -0*t - 3*t. What is the tens digit of t?
1
Suppose -a - 30 = -70. What is the units digit of a?
0
Suppose -4 + 46 = 3*u. Suppose 0 = -2*l - 6, l + l + u = v. What is the units digit of v?
8
Suppose -3*u + 2 = -2*u. What is the units digit of u?
2
Suppose -2*s + 4 = 0, -3*y = -y + 5*s - 82. What is the units digit of y?
6
Suppose r - 6*r + 9 = 2*u, -15 = 5*u. Suppose r*z + 0 = 6. What is the units digit of z?
2
What is the tens digit of ((-45)/(-6))/5*62/3?
3
Let s = 4 + -4. Suppose 12 = 5*f + 2*d, 0 = -2*f + d + 1 + 2. Suppose f*h + h - 12 = s. What is the units digit of h?
4
Let u be 1/1*(11 + 1). Suppose -3*g - 6 = i - g, 3*g + u = 0. What is the units digit of 28/4 + -1*i?
5
Let w(m) = -m**3 + 2*m**2 - 4*m + 4*m**2 + 2*m**2 - 9. Let b = -3 - -10. What is the tens digit of w(b)?
1
Let b be 70/4 + (-2)/(-4). Let u = b + -13. What is the units digit of u?
5
Let v = 185 - 100. Suppose -p = 4*p - v. What is the tens digit of p?
1
Suppose 5*c - 187 = 2*c - 2*k, 4*c = 3*k + 221. What is the tens digit of c?
5
Suppose -o + 43 = 4*s, -5*o - 1 = -16. Suppose 2*t = 16 + s. What is the units digit of t?
3
Suppose 279 = 3*u + 3*v, -5*u + 4*v + 313 + 116 = 0. What is the tens digit of u?
8
Let h(p) = -p**3 + 8*p**2 + 5*p - 4. What is the units digit of h(8)?
6
Let r be (-1*32)/(-1*1). Suppose 4*c + 2*t - 48 = 0, 3*c - 5*c = 5*t - r. What is the tens digit of c?
1
Suppose 7*t + 50 = 9*t. What is the units digit of t?
5
Suppose 0 = u + 3*u - 3*n - 50, 3*u + n = 44. What is the units digit of u?
4
Let p(t) = t**3 - 9*t**2 - 10*t + 1. Let c be p(10). Let f be -2*(-3)/(-6) + c. Let x = f - -2. What is the units digit of x?
2
Let g = -310 + 603. What is the tens digit of g?
9
Let o(s) be the first derivative of 12*s**4 + s**2/2 - s + 2. Let g be o(1). Suppose 0 = 5*l, 5*d - 5*l - g = -3. What is the units digit of d?
9
Let r(y) = 358*y**2 + y - 3. What is the hundreds digit of r(1)?
3
Let i be (-6)/(-4) + 7/14. Suppose i*j + j = 9. What is the units digit of j?
3
Suppose 8*i = 3*i. Let j be (-110)/(-5) + i + -2. Suppose 9*r = 4*r + j. What is the units digit of r?
4
Let c = 2 + 37. What is the tens digit of c?
3
What is the units digit of 2/((-4)/(-8) + 0)?
4
Suppose 5*k + 14 = 49. Suppose -k = r - 8. What is the units digit of r?
1
Suppose 39 + 97 = 4*c - 5*s, s - 25 = -c. What is the units digit of c?
9
Suppose 0 = 4*v + d - 19, 2*v - 3*d + 4 = d. Suppose 0 = v*w + z - 57, -2*z = 3*w + 3*z - 47. What is the units digit of w?
4
Let y be 2 + (3 - (-2 - -8)). What is the units digit of (y/(-3))/(2/36)?
6
Let i(x) = x**3 - x**2 - 10*x + 1. What is the units digit of i(4)?
9
Suppose 3*t = -63 + 234. Let c = -41 + t. What is the tens digit of c?
1
What is the tens digit of (15876/273 - 2/13)/2?
2
Let z(w) = -w**3 + w**2 + 24. Let l be z(0). Suppose -3*i - 2*i - o = -l, 3*i = -5*o + 10. Let n = -3 + i. What is the units digit of n?
2
What is the hundreds digit of 5 - -145 - 0 - -4?
1
Suppose -v - 2 + 11 = -m, -4*v = -16. Let y(k) = -k**2 - 7*k - 7. Let g be y(m). What is the units digit of (-4)/g*(-108)/8?
8
Suppose 38 = 5*i - 27. Let h be i - -2*1*-1. Suppose -5*k = -h - 14. What is the units digit of k?
5
Let c be -12*(-3)/(-12)*-1. Suppose 4*m - 147 = -v, 0*m = -m + c*v + 27. What is the tens digit of m?
3
Suppose 4*v = -13 + 589. Suppose v = 7*g - 108. What is the units digit of g?
6
Suppose 0 = 3*q + 2*q - 190. What is the units digit of q?
8
Let n = -11 + 15. Suppose -n + 9 = g. What is the units digit of g?
5
Suppose -h + 0*h = -4. Let q = h + 9. What is the tens digit of q?
1
Let s(i) be the third derivative of -i**6/120 - i**5/60 - i**4/24 + i**3/3 - i**2. What is the units digit of s(0)?
2
Let u(o) = -17*o - 1. What is the units digit of u(-3)?
0
What is the units digit of (-9 + -9)/((-3)/4)?
4
Let y(l) = 7*l**2 - l + 1. Let j be 0/(2*(-3)/6). Let m be (j + -1)*(-2 - -1). What is the units digit of y(m)?
7
Suppose -b + 60 = 16. Suppose 3*h = p + 32, -5*h + 4 = -3*p - b. What is the tens digit of h?
1
Suppose 3*k - 1 + 61 = 0. Let z = -14 - k. What is the units digit of z?
6
Let z = -14 + 20. Let p = 80 - 55. Suppose y + p = z*y. What is the units digit of y?
5
Suppose 2*c = -2*c + 28. Let w = -6 + c. What is the units digit of w?
1
What is the units digit of 1 - -134 - 2/((-2)/(-3))?
2
Let f(u) = -25*u + 29*u + 5 - 3. Let c(m) = -m**2 - 4*m + 2. Let s be c(-4). What is the units digit of f(s)?
0
Suppose 4*c - 108 = 4*g, 138 = 5*c - g - 3*g. Let r = -12 + c. What is the tens digit of r?
1
Suppose -4 = -3*s - 7. Let z be s*3/(9/(-12)). Suppose -14 = -y - 3*y + 5*q, 0 = -y - z*q + 14. What is the units digit of y?
6
Suppose 0 = -12*w + 17*w - 1910. What is the units digit of w?
2
Suppose 0 = -3*t + u + 86, -4*t - 2*u + 121 - 23 = 0. What is the tens digit of t?
2
Let t(a) be the first derivative of a**4/4 + 4*a**3/3 + a**2 + 4*a + 1. Let k be t(-4). Let v = 6 - k. What is the tens digit of v?
1
Let t(y) = -2*y**3 + 4*y**2 + 5*y + 8. Let l(g) = g**3 - 4*g**2 - 5*g - 7. Let p(x) = 3*l(x) + 2*t(x). What is the tens digit of p(-